{"id":42,"date":"2024-07-29T16:22:19","date_gmt":"2024-07-29T20:22:19","guid":{"rendered":"https:\/\/www.cordobaparaguay.com\/cms_v1\/?page_id=42"},"modified":"2024-07-29T16:20:27","modified_gmt":"2024-07-29T20:20:27","slug":"home","status":"publish","type":"page","link":"https:\/\/www.cordobaparaguay.com\/cms_v1\/","title":{"rendered":"Home"},"content":{"rendered":"<p><!--== Home Slider ==--><\/p>\n<section id=\"slider-section\" class=\"bs-slider-warraper\">\n<div id=\"bs-slider\">\n<p><!--== consultup-slider ==--><\/p>\n<div class=\"bs-slide\" style=\"background-image: url('https:\/\/www.cordobaparaguay.com\/cms_v1\/wp-content\/uploads\/2022\/08\/fondo-cascos-botas-oxinoca-industrial.png');\"><!--item--><br \/>\n<!--slide inner--><\/p>\n<div class=\"container\">\n<div class=\"row justify-content-center justify-content-md-start\">\n<div class=\"col-10 col-md-7 static\">\n<p><!--slide content area--><\/p>\n<div class=\"slide-caption\">\n<h2 class=\"slide-title\">Somos especialistas en combinar Seguridd y Salud en el Trabajo con Talento Humano<\/h2>\n<div class=\"description mb-3\">\n<p>brindamos las mejores capacitaciones a su personal siendo nuestro desaf\u00edo es conducir una tranformacion a la excelencia corporativa.<\/p>\n<\/div>\n<p><a class=\"btn btn-tislider\" href=\"#\"><br \/>\nLeer m\u00e1s <\/a><\/p>\n<p><!--\/slide box style--><\/p>\n<\/div>\n<p><!--\/slide content area--><\/p>\n<\/div>\n<\/div>\n<\/div>\n<p><!--\/slide inner--><\/p>\n<\/div>\n<\/div>\n<p><!--\/consultup-slider--><\/p>\n<\/section>\n<div class=\"clearfix\"><\/div>\n<div class=\"clearfix\"><\/div>\n<div class=\"top-ct-section\">\n<div class=\"overlay\">\n<div class=\"container\">\n<div class=\"row\">\n<div class=\"col-md-4\">\n<div class=\"media feature_widget\" style=\"background-color: #000;\">\n<p>&nbsp;<\/p>\n<div class=\"media-body\">\n<h5 class=\"mt-0\">Oficinas<\/h5>\n<p>Ruta Luqeu San Bernardino km 27 &#8211; Tarumandy<\/p>\n<\/div>\n<\/div>\n<\/div>\n<div class=\"col-md-4\">\n<div class=\"media feature_widget\" style=\"background-color: #000;\">\n<p>&nbsp;<\/p>\n<div class=\"media-body\">\n<h5 class=\"mt-0\">Tel\u00e9fono<\/h5>\n<p>+595.981 575 116<\/p>\n<\/div>\n<\/div>\n<\/div>\n<div class=\"col-md-4\">\n<div class=\"media feature_widget\" style=\"background-color: #000;\">\n<p>&nbsp;<\/p>\n<div class=\"media-body\">\n<h5 class=\"mt-0\">Escribenos<\/h5>\n<p>cba.paraguay@gmail.com<\/p>\n<\/div>\n<\/div>\n<\/div>\n<\/div>\n<\/div>\n<\/div>\n<\/div>\n<p><!-- Section Title --><\/p>\n<section id=\"service-section\" class=\"bs-section service\">\n<div class=\"overlay\">\n<div class=\"container\">\n<div class=\"col text-center\">\n<div class=\"bs-heading\">\n<h3 class=\"bs-subtitle\">Nuestros servicios<\/h3>\n<h2 class=\"bs-title\">\u00bfPorqu\u00e9 somos el mejor servicio?<\/h2>\n<p>CBA te ayuda a cumplir con las normativas en capacitaci\u00f3n de seguridad y salud en el trabajo exigidas por el Ministerio del Trabajo<\/p>\n<\/div>\n<\/div>\n<p><!-- \/Section Title --><\/p>\n<div class=\"row\">\n<div class=\"col-sm-4 col-md-4 swing animated service-one\">\n<div class=\"bs-sevice two text-center shd\" style=\"background-image: url('https:\/\/www.cordobaparaguay.com\/cms_v1\/wp-content\/plugins\/icyclub\/inc\/agencyup\/images\/service\/service1.jpg');\">\n<div class=\"bs-sevice-inner\">\n<p>&nbsp;<\/p>\n<h4><a href=\"#\">Capacitaci\u00f3n Virtual<\/a><\/h4>\n<p class=\"service-one-desc\">Lleva la Cultura de la Prevenci\u00f3n a empresas del mismo rubro en simult\u00e1neo, ideal para los rubros agr\u00edcola y ganadero.fa-hands-helping<\/p>\n<p><a class=\"btn btn-theme\" href=\"#\">Leer m\u00e1s<\/a><\/p>\n<\/div>\n<\/div>\n<\/div>\n<div class=\"col-sm-4 col-md-4 swing animated service-two\">\n<div class=\"bs-sevice two text-center shd\" style=\"background-image: url('https:\/\/www.cordobaparaguay.com\/cms_v1\/wp-content\/plugins\/icyclub\/inc\/agencyup\/images\/service\/service2.jpg');\">\n<div class=\"bs-sevice-inner\">\n<p>&nbsp;<\/p>\n<h4><a href=\"#\">Capacitaci\u00f3n Presencial<\/a><\/h4>\n<p>Lleva a la pr\u00e1ctica de la Cultura de la Prevenci\u00f3n in situ en las empresas, a partir de una cantidad m\u00ednima de asistentes.<\/p>\n<p><a class=\"btn btn-theme\" href=\"#\">Leer m\u00e1s<\/a><\/p>\n<\/div>\n<\/div>\n<\/div>\n<div class=\"col-sm-4 col-md-4 swing animated service-three\">\n<div class=\"bs-sevice two text-center shd\" style=\"background-image: url('https:\/\/www.cordobaparaguay.com\/cms_v1\/wp-content\/plugins\/icyclub\/inc\/agencyup\/images\/service\/service1.jpg');\">\n<div class=\"bs-sevice-inner\">\n<p>&nbsp;<\/p>\n<h4><a href=\"#\">Planes de Asesor\u00eda<\/a><\/h4>\n<p>Asesor\u00eda y\u00a0visitas mensuales, uno de nuestros t\u00e9cnicos visita cada mes seg\u00fan lo acordado su empresa.<\/p>\n<p><a class=\"btn btn-theme\" href=\"#\">Leer m\u00e1s<\/a><\/p>\n<\/div>\n<\/div>\n<\/div>\n<\/div>\n<\/div>\n<\/div>\n<\/section>\n<section id=\"callout-section\" class=\"bs-section calltoaction\" style=\"background-image: url('https:\/\/www.cordobaparaguay.com\/cms_v1\/wp-content\/plugins\/icyclub\/inc\/agencyup\/images\/callout\/callout-back.jpg');\">\n<div class=\"overlay\">\n<p><!--container--><\/p>\n<div class=\"container\">\n<p><!--row--><\/p>\n<div class=\"row align-items-center\">\n<p><!--consultup-callout-inner--><\/p>\n<div class=\"col-md-8\">\n<div class=\"bs-heading text-left\">\n<h3 class=\"bs-subtitle\"><\/h3>\n<h2 class=\"bs-title\">No te dejes multar por el Ministerio del Trabajo&#8230; llama ya!<\/h2>\n<\/div>\n<\/div>\n<div class=\"col-md-4\"><a class=\"btn btn-theme-two\" href=\"https:\/\/themeansar.com\/themes\/agencyup-pro\/\" target=\"_blank\" rel=\"noopener\"><br \/>\n+595.981 575 116<\/a><\/div>\n<\/div>\n<\/div>\n<p><!--consultup-callout-inner--><\/p>\n<\/div>\n<p><!--\/row--><br \/>\n<!--\/conconsultupiner--><\/p>\n<\/section>\n<p><!-- \/Portfolio Section --><\/p>\n<div class=\"clearfix\"><\/div>\n","protected":false},"excerpt":{"rendered":"<p>Somos especialistas en combinar Seguridd y Salud en el Trabajo con Talento Humano brindamos las mejores capacitaciones a su personal siendo nuestro desaf\u00edo es conducir una tranformacion a la excelencia corporativa. Leer m\u00e1s &nbsp; Oficinas Ruta Luqeu San Bernardino km 27 &#8211; Tarumandy &nbsp; Tel\u00e9fono +595.981 575 116 &nbsp; Escribenos cba.paraguay@gmail.com Nuestros servicios \u00bfPorqu\u00e9 somos [&hellip;]<\/p>\n","protected":false},"author":1,"featured_media":0,"parent":0,"menu_order":0,"comment_status":"closed","ping_status":"closed","template":"","meta":{"footnotes":""},"class_list":["post-42","page","type-page","status-publish","hentry"],"_links":{"self":[{"href":"https:\/\/www.cordobaparaguay.com\/cms_v1\/wp-json\/wp\/v2\/pages\/42","targetHints":{"allow":["GET"]}}],"collection":[{"href":"https:\/\/www.cordobaparaguay.com\/cms_v1\/wp-json\/wp\/v2\/pages"}],"about":[{"href":"https:\/\/www.cordobaparaguay.com\/cms_v1\/wp-json\/wp\/v2\/types\/page"}],"author":[{"embeddable":true,"href":"https:\/\/www.cordobaparaguay.com\/cms_v1\/wp-json\/wp\/v2\/users\/1"}],"replies":[{"embeddable":true,"href":"https:\/\/www.cordobaparaguay.com\/cms_v1\/wp-json\/wp\/v2\/comments?post=42"}],"version-history":[{"count":7,"href":"https:\/\/www.cordobaparaguay.com\/cms_v1\/wp-json\/wp\/v2\/pages\/42\/revisions"}],"predecessor-version":[{"id":81,"href":"https:\/\/www.cordobaparaguay.com\/cms_v1\/wp-json\/wp\/v2\/pages\/42\/revisions\/81"}],"wp:attachment":[{"href":"https:\/\/www.cordobaparaguay.com\/cms_v1\/wp-json\/wp\/v2\/media?parent=42"}],"curies":[{"name":"wp","href":"https:\/\/api.w.org\/{rel}","templated":true}]}}